{"id":1357,"date":"2017-07-04T08:44:52","date_gmt":"2017-07-04T08:44:52","guid":{"rendered":"http:\/\/localhost\/?page_id=1357"},"modified":"2017-10-23T20:53:51","modified_gmt":"2017-10-23T18:53:51","slug":"ogrody-prywatne","status":"publish","type":"page","link":"http:\/\/pracownia.szmit.pl\/index.php\/ogrody-prywatne\/","title":{"rendered":"Ogrody prywatne"},"content":{"rendered":"<p>&nbsp;<\/p>\n<div class=\"display-posts-listing\"><div class=\"listing-item\" style=\"height:150px; margin-bottom:50px\"><a class=\"image\" href=\"http:\/\/pracownia.szmit.pl\/index.php\/2018\/12\/09\/ogrod-w-stylu-angielskim\/\" style=\"float:left\"><img loading=\"lazy\" decoding=\"async\" width=\"150\" height=\"150\" src=\"http:\/\/pracownia.szmit.pl\/wp-content\/uploads\/2018\/12\/30U9035_1280_x_1024-150x150.jpg\" class=\"attachment-thumbnail size-thumbnail wp-post-image\" alt=\"\" \/><\/a> <div style=\"margin-left:180px\"><a class=\"title\" href=\"http:\/\/pracownia.szmit.pl\/index.php\/2018\/12\/09\/ogrod-w-stylu-angielskim\/\" style=\"position:relative;top:0%;\"><b>Ogr\u00f3d w stylu angielskim<\/b><\/a><\/div><div style=\"margin-left:180px\" class=\"excerpt\" ><\/div><\/div><div class=\"listing-item\" style=\"height:150px; margin-bottom:50px\"><a class=\"image\" href=\"http:\/\/pracownia.szmit.pl\/index.php\/2017\/10\/09\/ogrod-kolekcyjny\/\" style=\"float:left\"><img loading=\"lazy\" decoding=\"async\" width=\"150\" height=\"150\" src=\"http:\/\/pracownia.szmit.pl\/wp-content\/uploads\/2017\/10\/Powsin1-150x150.jpg\" class=\"attachment-thumbnail size-thumbnail wp-post-image\" alt=\"\" \/><\/a> <div style=\"margin-left:180px\"><a class=\"title\" href=\"http:\/\/pracownia.szmit.pl\/index.php\/2017\/10\/09\/ogrod-kolekcyjny\/\" style=\"position:relative;top:0%;\"><b>Ogr\u00f3d pod Warszaw\u0105<\/b><\/a><\/div><div style=\"margin-left:180px\" class=\"excerpt\" >Ogr\u00f3d mo\u017cna obejrze\u0107 w jednym z odcink\u00f3w programu Maja w Ogrodzie.<\/div><\/div><div class=\"listing-item\" style=\"height:150px; margin-bottom:50px\"><a class=\"image\" href=\"http:\/\/pracownia.szmit.pl\/index.php\/2017\/10\/08\/ogrod-kolekcyjny-w-pechcinie\/\" style=\"float:left\"><img loading=\"lazy\" decoding=\"async\" width=\"150\" height=\"150\" src=\"http:\/\/pracownia.szmit.pl\/wp-content\/uploads\/2017\/10\/Kolekcyjny4-150x150.jpg\" class=\"attachment-thumbnail size-thumbnail wp-post-image\" alt=\"\" \/><\/a> <div style=\"margin-left:180px\"><a class=\"title\" href=\"http:\/\/pracownia.szmit.pl\/index.php\/2017\/10\/08\/ogrod-kolekcyjny-w-pechcinie\/\" style=\"position:relative;top:0%;\"><b>Ogr\u00f3d kolekcyjny w P\u0119chcinie<\/b><\/a><\/div><div style=\"margin-left:180px\" class=\"excerpt\" >Ogr\u00f3d mo\u017cna obejrze\u0107 w jednym z odcink\u00f3w programu Maja w Ogrodzie. &nbsp;<\/div><\/div><div class=\"listing-item\" style=\"height:150px; margin-bottom:50px\"><a class=\"image\" href=\"http:\/\/pracownia.szmit.pl\/index.php\/2017\/10\/08\/ogrod-naturalistyczny\/\" style=\"float:left\"><img loading=\"lazy\" decoding=\"async\" width=\"150\" height=\"150\" src=\"http:\/\/pracownia.szmit.pl\/wp-content\/uploads\/2017\/10\/A61U1826-Copy-150x150.jpg\" class=\"attachment-thumbnail size-thumbnail wp-post-image\" alt=\"\" \/><\/a> <div style=\"margin-left:180px\"><a class=\"title\" href=\"http:\/\/pracownia.szmit.pl\/index.php\/2017\/10\/08\/ogrod-naturalistyczny\/\" style=\"position:relative;top:0%;\"><b>Ogr\u00f3d naturalistyczny<\/b><\/a><\/div><div style=\"margin-left:180px\" class=\"excerpt\" >Ogr\u00f3d mo\u017cna obejrze\u0107 w jednym z odcink\u00f3w programu Maja w Ogrodzie.<\/div><\/div><div class=\"listing-item\" style=\"height:150px; margin-bottom:50px\"><a class=\"image\" href=\"http:\/\/pracownia.szmit.pl\/index.php\/2017\/10\/08\/ogrod-miejski-w-stylu-angielskim\/\" style=\"float:left\"><img loading=\"lazy\" decoding=\"async\" width=\"150\" height=\"150\" src=\"http:\/\/pracownia.szmit.pl\/wp-content\/uploads\/2017\/10\/Miejski2-150x150.jpg\" class=\"attachment-thumbnail size-thumbnail wp-post-image\" alt=\"\" \/><\/a> <div style=\"margin-left:180px\"><a class=\"title\" href=\"http:\/\/pracownia.szmit.pl\/index.php\/2017\/10\/08\/ogrod-miejski-w-stylu-angielskim\/\" style=\"position:relative;top:0%;\"><b>Ogr\u00f3d miejski w stylu angielskim<\/b><\/a><\/div><div style=\"margin-left:180px\" class=\"excerpt\" ><\/div><\/div><div class=\"listing-item\" style=\"height:150px; margin-bottom:50px\"><a class=\"image\" href=\"http:\/\/pracownia.szmit.pl\/index.php\/2017\/10\/04\/ogrod-na-mazurach\/\" style=\"float:left\"><img loading=\"lazy\" decoding=\"async\" width=\"150\" height=\"150\" src=\"http:\/\/pracownia.szmit.pl\/wp-content\/uploads\/2017\/10\/Mazury2-1-150x150.jpg\" class=\"attachment-thumbnail size-thumbnail wp-post-image\" alt=\"\" \/><\/a> <div style=\"margin-left:180px\"><a class=\"title\" href=\"http:\/\/pracownia.szmit.pl\/index.php\/2017\/10\/04\/ogrod-na-mazurach\/\" style=\"position:relative;top:0%;\"><b>Ogr\u00f3d na Mazurach<\/b><\/a><\/div><div style=\"margin-left:180px\" class=\"excerpt\" >&nbsp;<\/div><\/div><div class=\"listing-item\" style=\"height:150px; margin-bottom:50px\"><a class=\"image\" href=\"http:\/\/pracownia.szmit.pl\/index.php\/2017\/10\/03\/ogrod-w-ciechanowie\/\" style=\"float:left\"><img loading=\"lazy\" decoding=\"async\" width=\"150\" height=\"150\" src=\"http:\/\/pracownia.szmit.pl\/wp-content\/uploads\/2017\/10\/ciechIMG_6080-150x150.jpg\" class=\"attachment-thumbnail size-thumbnail wp-post-image\" alt=\"\" \/><\/a> <div style=\"margin-left:180px\"><a class=\"title\" href=\"http:\/\/pracownia.szmit.pl\/index.php\/2017\/10\/03\/ogrod-w-ciechanowie\/\" style=\"position:relative;top:0%;\"><b>Ogr\u00f3d w Ciechanowie<\/b><\/a><\/div><div style=\"margin-left:180px\" class=\"excerpt\" ><\/div><\/div><\/div>\n","protected":false},"excerpt":{"rendered":"<p>&nbsp;<\/p>\n","protected":false},"author":1,"featured_media":0,"parent":0,"menu_order":0,"comment_status":"closed","ping_status":"closed","template":"","meta":{"_exactmetrics_skip_tracking":false,"_exactmetrics_sitenote_active":false,"_exactmetrics_sitenote_note":"","_exactmetrics_sitenote_category":0,"footnotes":""},"class_list":["post-1357","page","type-page","status-publish","hentry"],"yoast_head":"<!-- This site is optimized with the Yoast SEO plugin v25.7 - https:\/\/yoast.com\/wordpress\/plugins\/seo\/ -->\n<title>Ogrody prywatne - Pracownia Architektury Krajobrazu<\/title>\n<meta name=\"robots\" content=\"index, follow, max-snippet:-1, max-image-preview:large, max-video-preview:-1\" \/>\n<link rel=\"canonical\" href=\"http:\/\/pracownia.szmit.pl\/index.php\/ogrody-prywatne\/\" \/>\n<meta property=\"og:locale\" content=\"pl_PL\" \/>\n<meta property=\"og:type\" content=\"article\" \/>\n<meta property=\"og:title\" content=\"Ogrody prywatne - Pracownia Architektury Krajobrazu\" \/>\n<meta property=\"og:description\" content=\"&nbsp;\" \/>\n<meta property=\"og:url\" content=\"http:\/\/pracownia.szmit.pl\/index.php\/ogrody-prywatne\/\" \/>\n<meta property=\"og:site_name\" content=\"Pracownia Architektury Krajobrazu\" \/>\n<meta property=\"article:modified_time\" content=\"2017-10-23T18:53:51+00:00\" \/>\n<meta name=\"twitter:card\" content=\"summary_large_image\" \/>\n<script type=\"application\/ld+json\" class=\"yoast-schema-graph\">{\"@context\":\"https:\/\/schema.org\",\"@graph\":[{\"@type\":\"WebPage\",\"@id\":\"http:\/\/pracownia.szmit.pl\/index.php\/ogrody-prywatne\/\",\"url\":\"http:\/\/pracownia.szmit.pl\/index.php\/ogrody-prywatne\/\",\"name\":\"Ogrody prywatne - Pracownia Architektury Krajobrazu\",\"isPartOf\":{\"@id\":\"http:\/\/pracownia.szmit.pl\/#website\"},\"datePublished\":\"2017-07-04T08:44:52+00:00\",\"dateModified\":\"2017-10-23T18:53:51+00:00\",\"breadcrumb\":{\"@id\":\"http:\/\/pracownia.szmit.pl\/index.php\/ogrody-prywatne\/#breadcrumb\"},\"inLanguage\":\"pl-PL\",\"potentialAction\":[{\"@type\":\"ReadAction\",\"target\":[\"http:\/\/pracownia.szmit.pl\/index.php\/ogrody-prywatne\/\"]}]},{\"@type\":\"BreadcrumbList\",\"@id\":\"http:\/\/pracownia.szmit.pl\/index.php\/ogrody-prywatne\/#breadcrumb\",\"itemListElement\":[{\"@type\":\"ListItem\",\"position\":1,\"name\":\"Strona g\u0142\u00f3wna\",\"item\":\"http:\/\/pracownia.szmit.pl\/\"},{\"@type\":\"ListItem\",\"position\":2,\"name\":\"Ogrody prywatne\"}]},{\"@type\":\"WebSite\",\"@id\":\"http:\/\/pracownia.szmit.pl\/#website\",\"url\":\"http:\/\/pracownia.szmit.pl\/\",\"name\":\"Pracownia Architektury Krajobrazu\",\"description\":\"Magdalena Szmit-Siewruk\",\"potentialAction\":[{\"@type\":\"SearchAction\",\"target\":{\"@type\":\"EntryPoint\",\"urlTemplate\":\"http:\/\/pracownia.szmit.pl\/?s={search_term_string}\"},\"query-input\":{\"@type\":\"PropertyValueSpecification\",\"valueRequired\":true,\"valueName\":\"search_term_string\"}}],\"inLanguage\":\"pl-PL\"}]}<\/script>\n<!-- \/ Yoast SEO plugin. -->","yoast_head_json":{"title":"Ogrody prywatne - Pracownia Architektury Krajobrazu","robots":{"index":"index","follow":"follow","max-snippet":"max-snippet:-1","max-image-preview":"max-image-preview:large","max-video-preview":"max-video-preview:-1"},"canonical":"http:\/\/pracownia.szmit.pl\/index.php\/ogrody-prywatne\/","og_locale":"pl_PL","og_type":"article","og_title":"Ogrody prywatne - Pracownia Architektury Krajobrazu","og_description":"&nbsp;","og_url":"http:\/\/pracownia.szmit.pl\/index.php\/ogrody-prywatne\/","og_site_name":"Pracownia Architektury Krajobrazu","article_modified_time":"2017-10-23T18:53:51+00:00","twitter_card":"summary_large_image","schema":{"@context":"https:\/\/schema.org","@graph":[{"@type":"WebPage","@id":"http:\/\/pracownia.szmit.pl\/index.php\/ogrody-prywatne\/","url":"http:\/\/pracownia.szmit.pl\/index.php\/ogrody-prywatne\/","name":"Ogrody prywatne - Pracownia Architektury Krajobrazu","isPartOf":{"@id":"http:\/\/pracownia.szmit.pl\/#website"},"datePublished":"2017-07-04T08:44:52+00:00","dateModified":"2017-10-23T18:53:51+00:00","breadcrumb":{"@id":"http:\/\/pracownia.szmit.pl\/index.php\/ogrody-prywatne\/#breadcrumb"},"inLanguage":"pl-PL","potentialAction":[{"@type":"ReadAction","target":["http:\/\/pracownia.szmit.pl\/index.php\/ogrody-prywatne\/"]}]},{"@type":"BreadcrumbList","@id":"http:\/\/pracownia.szmit.pl\/index.php\/ogrody-prywatne\/#breadcrumb","itemListElement":[{"@type":"ListItem","position":1,"name":"Strona g\u0142\u00f3wna","item":"http:\/\/pracownia.szmit.pl\/"},{"@type":"ListItem","position":2,"name":"Ogrody prywatne"}]},{"@type":"WebSite","@id":"http:\/\/pracownia.szmit.pl\/#website","url":"http:\/\/pracownia.szmit.pl\/","name":"Pracownia Architektury Krajobrazu","description":"Magdalena Szmit-Siewruk","potentialAction":[{"@type":"SearchAction","target":{"@type":"EntryPoint","urlTemplate":"http:\/\/pracownia.szmit.pl\/?s={search_term_string}"},"query-input":{"@type":"PropertyValueSpecification","valueRequired":true,"valueName":"search_term_string"}}],"inLanguage":"pl-PL"}]}},"_links":{"self":[{"href":"http:\/\/pracownia.szmit.pl\/index.php\/wp-json\/wp\/v2\/pages\/1357","targetHints":{"allow":["GET"]}}],"collection":[{"href":"http:\/\/pracownia.szmit.pl\/index.php\/wp-json\/wp\/v2\/pages"}],"about":[{"href":"http:\/\/pracownia.szmit.pl\/index.php\/wp-json\/wp\/v2\/types\/page"}],"author":[{"embeddable":true,"href":"http:\/\/pracownia.szmit.pl\/index.php\/wp-json\/wp\/v2\/users\/1"}],"replies":[{"embeddable":true,"href":"http:\/\/pracownia.szmit.pl\/index.php\/wp-json\/wp\/v2\/comments?post=1357"}],"version-history":[{"count":19,"href":"http:\/\/pracownia.szmit.pl\/index.php\/wp-json\/wp\/v2\/pages\/1357\/revisions"}],"predecessor-version":[{"id":1742,"href":"http:\/\/pracownia.szmit.pl\/index.php\/wp-json\/wp\/v2\/pages\/1357\/revisions\/1742"}],"wp:attachment":[{"href":"http:\/\/pracownia.szmit.pl\/index.php\/wp-json\/wp\/v2\/media?parent=1357"}],"curies":[{"name":"wp","href":"https:\/\/api.w.org\/{rel}","templated":true}]}}

<p>&nbsp;</p>
<div class="display-posts-listing"><div class="listing-item" style="height:150px; margin-bottom:50px"><a class="image" href="http://pracownia.szmit.pl/index.php/2018/12/09/ogrod-w-stylu-angielskim/" style="float:left"><img loading="lazy" decoding="async" width="150" height="150" src="http://pracownia.szmit.pl/wp-content/uploads/2018/12/30U9035_1280_x_1024-150x150.jpg" class="attachment-thumbnail size-thumbnail wp-post-image" alt="" /></a> <div style="margin-left:180px"><a class="title" href="http://pracownia.szmit.pl/index.php/2018/12/09/ogrod-w-stylu-angielskim/" style="position:relative;top:0%;"><b>Ogród w stylu angielskim</b></a></div><div style="margin-left:180px" class="excerpt" ></div></div><div class="listing-item" style="height:150px; margin-bottom:50px"><a class="image" href="http://pracownia.szmit.pl/index.php/2017/10/09/ogrod-kolekcyjny/" style="float:left"><img loading="lazy" decoding="async" width="150" height="150" src="http://pracownia.szmit.pl/wp-content/uploads/2017/10/Powsin1-150x150.jpg" class="attachment-thumbnail size-thumbnail wp-post-image" alt="" /></a> <div style="margin-left:180px"><a class="title" href="http://pracownia.szmit.pl/index.php/2017/10/09/ogrod-kolekcyjny/" style="position:relative;top:0%;"><b>Ogród pod Warszawą</b></a></div><div style="margin-left:180px" class="excerpt" >Ogród można obejrzeć w jednym z odcinków programu Maja w Ogrodzie.</div></div><div class="listing-item" style="height:150px; margin-bottom:50px"><a class="image" href="http://pracownia.szmit.pl/index.php/2017/10/08/ogrod-kolekcyjny-w-pechcinie/" style="float:left"><img loading="lazy" decoding="async" width="150" height="150" src="http://pracownia.szmit.pl/wp-content/uploads/2017/10/Kolekcyjny4-150x150.jpg" class="attachment-thumbnail size-thumbnail wp-post-image" alt="" /></a> <div style="margin-left:180px"><a class="title" href="http://pracownia.szmit.pl/index.php/2017/10/08/ogrod-kolekcyjny-w-pechcinie/" style="position:relative;top:0%;"><b>Ogród kolekcyjny w Pęchcinie</b></a></div><div style="margin-left:180px" class="excerpt" >Ogród można obejrzeć w jednym z odcinków programu Maja w Ogrodzie. &nbsp;</div></div><div class="listing-item" style="height:150px; margin-bottom:50px"><a class="image" href="http://pracownia.szmit.pl/index.php/2017/10/08/ogrod-naturalistyczny/" style="float:left"><img loading="lazy" decoding="async" width="150" height="150" src="http://pracownia.szmit.pl/wp-content/uploads/2017/10/A61U1826-Copy-150x150.jpg" class="attachment-thumbnail size-thumbnail wp-post-image" alt="" /></a> <div style="margin-left:180px"><a class="title" href="http://pracownia.szmit.pl/index.php/2017/10/08/ogrod-naturalistyczny/" style="position:relative;top:0%;"><b>Ogród naturalistyczny</b></a></div><div style="margin-left:180px" class="excerpt" >Ogród można obejrzeć w jednym z odcinków programu Maja w Ogrodzie.</div></div><div class="listing-item" style="height:150px; margin-bottom:50px"><a class="image" href="http://pracownia.szmit.pl/index.php/2017/10/08/ogrod-miejski-w-stylu-angielskim/" style="float:left"><img loading="lazy" decoding="async" width="150" height="150" src="http://pracownia.szmit.pl/wp-content/uploads/2017/10/Miejski2-150x150.jpg" class="attachment-thumbnail size-thumbnail wp-post-image" alt="" /></a> <div style="margin-left:180px"><a class="title" href="http://pracownia.szmit.pl/index.php/2017/10/08/ogrod-miejski-w-stylu-angielskim/" style="position:relative;top:0%;"><b>Ogród miejski w stylu angielskim</b></a></div><div style="margin-left:180px" class="excerpt" ></div></div><div class="listing-item" style="height:150px; margin-bottom:50px"><a class="image" href="http://pracownia.szmit.pl/index.php/2017/10/04/ogrod-na-mazurach/" style="float:left"><img loading="lazy" decoding="async" width="150" height="150" src="http://pracownia.szmit.pl/wp-content/uploads/2017/10/Mazury2-1-150x150.jpg" class="attachment-thumbnail size-thumbnail wp-post-image" alt="" /></a> <div style="margin-left:180px"><a class="title" href="http://pracownia.szmit.pl/index.php/2017/10/04/ogrod-na-mazurach/" style="position:relative;top:0%;"><b>Ogród na Mazurach</b></a></div><div style="margin-left:180px" class="excerpt" >&nbsp;</div></div><div class="listing-item" style="height:150px; margin-bottom:50px"><a class="image" href="http://pracownia.szmit.pl/index.php/2017/10/03/ogrod-w-ciechanowie/" style="float:left"><img loading="lazy" decoding="async" width="150" height="150" src="http://pracownia.szmit.pl/wp-content/uploads/2017/10/ciechIMG_6080-150x150.jpg" class="attachment-thumbnail size-thumbnail wp-post-image" alt="" /></a> <div style="margin-left:180px"><a class="title" href="http://pracownia.szmit.pl/index.php/2017/10/03/ogrod-w-ciechanowie/" style="position:relative;top:0%;"><b>Ogród w Ciechanowie</b></a></div><div style="margin-left:180px" class="excerpt" ></div></div></div>

<!-- This site is optimized with the Yoast SEO plugin v25.7 - https://yoast.com/wordpress/plugins/seo/ -->
<title>Ogrody prywatne - Pracownia Architektury Krajobrazu</title>
<meta name="robots" content="index, follow, max-snippet:-1, max-image-preview:large, max-video-preview:-1" />
<link rel="canonical" href="http://pracownia.szmit.pl/index.php/ogrody-prywatne/" />
<meta property="og:locale" content="pl_PL" />
<meta property="og:type" content="article" />
<meta property="og:title" content="Ogrody prywatne - Pracownia Architektury Krajobrazu" />
<meta property="og:description" content="&nbsp;" />
<meta property="og:url" content="http://pracownia.szmit.pl/index.php/ogrody-prywatne/" />
<meta property="og:site_name" content="Pracownia Architektury Krajobrazu" />
<meta property="article:modified_time" content="2017-10-23T18:53:51+00:00" />
<meta name="twitter:card" content="summary_large_image" />
<script type="application/ld+json" class="yoast-schema-graph">{"@context":"https://schema.org","@graph":[{"@type":"WebPage","@id":"http://pracownia.szmit.pl/index.php/ogrody-prywatne/","url":"http://pracownia.szmit.pl/index.php/ogrody-prywatne/","name":"Ogrody prywatne - Pracownia Architektury Krajobrazu","isPartOf":{"@id":"http://pracownia.szmit.pl/#website"},"datePublished":"2017-07-04T08:44:52+00:00","dateModified":"2017-10-23T18:53:51+00:00","breadcrumb":{"@id":"http://pracownia.szmit.pl/index.php/ogrody-prywatne/#breadcrumb"},"inLanguage":"pl-PL","potentialAction":[{"@type":"ReadAction","target":["http://pracownia.szmit.pl/index.php/ogrody-prywatne/"]}]},{"@type":"BreadcrumbList","@id":"http://pracownia.szmit.pl/index.php/ogrody-prywatne/#breadcrumb","itemListElement":[{"@type":"ListItem","position":1,"name":"Strona główna","item":"http://pracownia.szmit.pl/"},{"@type":"ListItem","position":2,"name":"Ogrody prywatne"}]},{"@type":"WebSite","@id":"http://pracownia.szmit.pl/#website","url":"http://pracownia.szmit.pl/","name":"Pracownia Architektury Krajobrazu","description":"Magdalena Szmit-Siewruk","potentialAction":[{"@type":"SearchAction","target":{"@type":"EntryPoint","urlTemplate":"http://pracownia.szmit.pl/?s={search_term_string}"},"query-input":{"@type":"PropertyValueSpecification","valueRequired":true,"valueName":"search_term_string"}}],"inLanguage":"pl-PL"}]}</script>
<!-- / Yoast SEO plugin. -->

Strona główna
